

{"id":1332,"date":"2025-03-06T19:10:02","date_gmt":"2025-03-06T19:10:02","guid":{"rendered":"https:\/\/nuriaanglarill.com\/yoga\/un-dia-de-yoga-y-bienestar-en-plena-naturaleza\/"},"modified":"2025-03-12T14:13:55","modified_gmt":"2025-03-12T14:13:55","slug":"un-dia-de-ioga-i-benestar-en-plena-naturalesa","status":"publish","type":"product","link":"https:\/\/nuriaanglarill.com\/ca\/yoga\/un-dia-de-ioga-i-benestar-en-plena-naturalesa\/","title":{"rendered":"Un dia de ioga i benestar en plena natura"},"content":{"rendered":"<p><div class=\"fusion-fullwidth fullwidth-box fusion-builder-row-1 fusion-flex-container has-pattern-background has-mask-background nonhundred-percent-fullwidth non-hundred-percent-height-scrolling\" style=\"--awb-border-radius-top-left:0px;--awb-border-radius-top-right:0px;--awb-border-radius-bottom-right:0px;--awb-border-radius-bottom-left:0px;--awb-padding-top:2%;--awb-padding-bottom:5%;--awb-flex-wrap:wrap;\" ><div class=\"fusion-builder-row fusion-row fusion-flex-align-items-flex-start fusion-flex-content-wrap\" style=\"max-width:1248px;margin-left: calc(-4% \/ 2 );margin-right: calc(-4% \/ 2 );\"><div class=\"fusion-layout-column fusion_builder_column fusion-builder-column-0 fusion_builder_column_1_1 1_1 fusion-flex-column\" style=\"--awb-bg-size:cover;--awb-width-large:100%;--awb-margin-top-large:0px;--awb-spacing-right-large:1.92%;--awb-margin-bottom-large:20px;--awb-spacing-left-large:1.92%;--awb-width-medium:100%;--awb-order-medium:0;--awb-spacing-right-medium:1.92%;--awb-spacing-left-medium:1.92%;--awb-width-small:100%;--awb-order-small:0;--awb-spacing-right-small:1.92%;--awb-spacing-left-small:1.92%;\"><div class=\"fusion-column-wrapper fusion-column-has-shadow fusion-flex-justify-content-flex-start fusion-content-layout-column\"><div class=\"fusion-title title fusion-title-1 fusion-sep-none fusion-title-center fusion-title-text fusion-title-size-two\" style=\"--awb-margin-bottom:5%;--awb-margin-top-small:10px;--awb-margin-right-small:0px;--awb-margin-bottom-small:10px;--awb-margin-left-small:0px;\"><h2 class=\"fusion-title-heading title-heading-center\" style=\"margin:0;\">Un dia de ioga i benestar en plena natura<\/h2><\/div><div class=\"fusion-text fusion-text-1\"><h3 class=\"YfgspD VuHhQk Fld3l4 Q0GE08\" style=\"text-align: center;\" data-hook=\"time-and-location\">Horari i ubicaci\u00f3<\/h3>\n<div class=\"sVLH7h\">\n<div class=\"qJ0QtF W8KyHZ vvjb38\">\n<p class=\"ALQLki tN7ge3\" style=\"text-align: center;\" data-hook=\"event-full-date\">29 mar 2025, 9:30 \u2013 17:00<\/p>\n<p class=\"hsKRY2\" style=\"text-align: center;\" data-hook=\"event-full-location\">Sant Mateu de Bages, 08263 Sant Mateu de Bages, Barcelona, \u200b\u200bEspanya<\/p>\n<\/div>\n<\/div>\n<\/div><div class=\"fusion-image-element \" style=\"text-align:center;--awb-aspect-ratio:2 \/ 1;--awb-caption-title-font-family:var(--h2_typography-font-family);--awb-caption-title-font-weight:var(--h2_typography-font-weight);--awb-caption-title-font-style:var(--h2_typography-font-style);--awb-caption-title-size:var(--h2_typography-font-size);--awb-caption-title-transform:var(--h2_typography-text-transform);--awb-caption-title-line-height:var(--h2_typography-line-height);--awb-caption-title-letter-spacing:var(--h2_typography-letter-spacing);\"><span class=\" fusion-imageframe imageframe-none imageframe-1 hover-type-none has-aspect-ratio\"><img decoding=\"async\" width=\"900\" height=\"900\" title=\"N.AnglarillYoga-25\" src=\"https:\/\/nuriaanglarill.com\/wp-content\/uploads\/2025\/02\/N.AnglarillYoga-25.jpg\" class=\"img-responsive wp-image-909 img-with-aspect-ratio\" data-parent-fit=\"cover\" data-parent-container=\".fusion-image-element\" alt srcset=\"https:\/\/nuriaanglarill.com\/wp-content\/uploads\/2025\/02\/N.AnglarillYoga-25-200x200.jpg 200w, https:\/\/nuriaanglarill.com\/wp-content\/uploads\/2025\/02\/N.AnglarillYoga-25-400x400.jpg 400w, https:\/\/nuriaanglarill.com\/wp-content\/uploads\/2025\/02\/N.AnglarillYoga-25-600x600.jpg 600w, https:\/\/nuriaanglarill.com\/wp-content\/uploads\/2025\/02\/N.AnglarillYoga-25-800x800.jpg 800w, https:\/\/nuriaanglarill.com\/wp-content\/uploads\/2025\/02\/N.AnglarillYoga-25.jpg 900w\" sizes=\"(max-width: 640px) 100vw, 900px\" \/><\/span><\/div><\/div><\/div><div class=\"fusion-layout-column fusion_builder_column fusion-builder-column-1 fusion_builder_column_1_1 1_1 fusion-flex-column\" style=\"--awb-bg-size:cover;--awb-width-large:100%;--awb-margin-top-large:0px;--awb-spacing-right-large:1.92%;--awb-margin-bottom-large:20px;--awb-spacing-left-large:1.92%;--awb-width-medium:100%;--awb-order-medium:0;--awb-spacing-right-medium:1.92%;--awb-spacing-left-medium:1.92%;--awb-width-small:100%;--awb-order-small:0;--awb-spacing-right-small:1.92%;--awb-spacing-left-small:1.92%;\"><div class=\"fusion-column-wrapper fusion-column-has-shadow fusion-flex-justify-content-flex-start fusion-content-layout-column\"><div class=\"fusion-text fusion-text-2\"><h3 class=\"YfgspD VuHhQk Fld3l4 Q0GE08\" style=\"text-align: center;\" data-hook=\"about\">Informaci\u00f3 de l&#8217;esdeveniment<\/h3>\n<div class=\"m6AOT\" dir=\"ltr\" data-id=\"content-viewer\">\n<div class=\"uSiJi\">\n<div class=\"X6Wo9\">\n<p id=\"viewer-foo\" class=\"cqfST cQRuq WGebp jTM--\" dir=\"auto\" style=\"text-align: center;\"><span class=\"_61ACD\"><strong>Viu un dia de ioga i benestar en plena natura<\/strong><\/span><\/p>\n<p id=\"viewer-5dw3y2924\" class=\"cqfST cQRuq WGebp jTM--\" dir=\"auto\" style=\"text-align: center;\"><span class=\"_61ACD\"><strong>Data i Horari:<\/strong> De 09:30<\/span><\/p>\n<p id=\"viewer-37zy12474\" class=\"cqfST cQRuq WGebp jTM--\" dir=\"auto\" style=\"text-align: center;\"><span class=\"_61ACD\"><strong>Ubicaci\u00f3: <\/strong>Sant Mateu de Bages&lt;\/s<\/span><\/p>\n<div id=\"viewer-nizzi2477\" class=\"cqfST cQRuq WGebp jTM--\" dir=\"auto\" style=\"text-align: center;\"><\/div>\n<p id=\"viewer-6nb6v2950\" class=\"cqfST cQRuq WGebp jTM--\" dir=\"auto\" style=\"text-align: center;\"><span class=\"_61ACD\">Regala&#8217;t un dia per connectar amb tu mateix i submergir-te en una experi\u00e8ncia i submergir-te en una experi\u00e8ncia. <\/span><\/p>\n<\/div>\n<\/div>\n<\/div>\n<\/div><div class=\"fusion-text fusion-text-3\"><h3 class=\"jZpvm scQlf WGebp jTM--\" dir=\"auto\" style=\"text-align: center;\"><span class=\"hpUmk\"><strong>Programa del dissabte 29 de mar\u00e7:<\/strong><\/span><\/h3>\n<p id=\"viewer-3d0aj2996\" class=\"cqfST cQRuq WGebp jTM--\" dir=\"auto\" style=\"text-align: center;\"><span class=\"_61ACD\"><strong>9:30 &#8211; 10:00 Arribada i benvinguda<\/strong><\/span><\/p>\n<p id=\"viewer-nc75q6290\" class=\"cqfST cQRuq WGebp jTM--\" dir=\"auto\" style=\"text-align: center;\"><span class=\"_61ACD\">Rebem els participants i ens preparem per a una jornada d&#8217;harmonia i connexi\u00f3.&lt;\/<\/span><\/p>\n<p id=\"viewer-vmuri2481\" class=\"cqfST cQRuq WGebp jTM--\" dir=\"auto\" style=\"text-align: center;\"><span class=\"_61ACD\"><strong>10:00 -Pr\u00e0ctica de ioga a la natura&lt;\/strong<\/strong><\/span><\/p>\n<p id=\"viewer-3q83h3791\" class=\"cqfST cQRuq WGebp jTM--\" dir=\"auto\" style=\"text-align: center;\"><span class=\"_61ACD\">Comen\u00e7arem amb una sessi\u00f3 de ioga a l&#8217;aire lliure, aprofitant l&#8217;energia de la&gt;&gt;.<\/span><\/p>\n<p id=\"viewer-j4c9e2484\" class=\"cqfST cQRuq WGebp jTM--\" dir=\"auto\" style=\"text-align: center;\"><span class=\"_61ACD\"><strong>12:00 &#8211; Brunch <\/strong>&lt;\/span<\/span><\/p>\n<p id=\"viewer-tn1wc4498\" class=\"cqfST cQRuq WGebp jTM--\" dir=\"auto\" style=\"text-align: center;\"><span class=\"_61ACD\">Gaudirem d&#8217;un brunch saludable, vegetari\u00e0 i nutritiu&gt;. p&gt;<\/span><\/p>\n<p id=\"viewer-n98jg2487\" class=\"cqfST cQRuq WGebp jTM--\" dir=\"auto\" style=\"text-align: center;\"><span class=\"_61ACD\"><strong>14:00 &#8211; Taller d&#8217;olis essencials<\/strong>&lt;\/strong<\/span><\/p>\n<p id=\"viewer-71vqw5117\" class=\"cqfST cQRuq WGebp jTM--\" dir=\"auto\" style=\"text-align: center;\"><span class=\"_61ACD\">Aprendrem sobre les propietats dels olis essencials i crearem el nostre propi roll- &gt;<\/span><\/p>\n<p id=\"viewer-g090z2490\" class=\"cqfST cQRuq WGebp jTM--\" dir=\"auto\" style=\"text-align: center;\"><span class=\"_61ACD\"><strong>15:00 &#8211; Aplicaci\u00f3 pr\u00e0ctica dels olis&lt;\/strong<\/strong><\/span><\/p>\n<p id=\"viewer-b8hep5318\" class=\"cqfST cQRuq WGebp jTM--\" dir=\"auto\" style=\"text-align: center;\"><span class=\"_61ACD\">Explorarem t\u00e8cniques per integrar els olis essencials a la nostra rutina de benestar i potenciar<\/span><\/p>\n<p id=\"viewer-m7mj82493\" class=\"cqfST cQRuq WGebp jTM--\" dir=\"auto\" style=\"text-align: center;\"><span class=\"_61ACD\"><strong>16:00 &#8211; Pr\u00e0ctica restaurativa de ioga<\/strong><\/span><\/p>\n<p id=\"viewer-485375915\" class=\"cqfST cQRuq WGebp jTM--\" dir=\"auto\" style=\"text-align: center;\"><span class=\"_61ACD\">Tanquem el dia amb una sessi\u00f3 de ioga restauratiu, utilitzant bolsters per a utilitzar bolsters.<\/span><\/p>\n<\/div><\/div><\/div><div class=\"fusion-layout-column fusion_builder_column fusion-builder-column-2 fusion_builder_column_1_1 1_1 fusion-flex-column\" style=\"--awb-bg-size:cover;--awb-width-large:100%;--awb-margin-top-large:0px;--awb-spacing-right-large:1.92%;--awb-margin-bottom-large:20px;--awb-spacing-left-large:1.92%;--awb-width-medium:100%;--awb-order-medium:0;--awb-spacing-right-medium:1.92%;--awb-spacing-left-medium:1.92%;--awb-width-small:100%;--awb-order-small:0;--awb-spacing-right-small:1.92%;--awb-spacing-left-small:1.92%;\"><div class=\"fusion-column-wrapper fusion-column-has-shadow fusion-flex-justify-content-flex-start fusion-content-layout-column\"><div class=\"fusion-text fusion-text-4\"><h3 id=\"viewer-z04sp2496\" class=\"jZpvm scQlf WGebp jTM--\" dir=\"auto\" style=\"text-align: center;\"><span class=\"hpUmk\"><strong>Un dia per a tu<\/strong><\/span><\/h3>\n<p id=\"viewer-edvzd2498\" class=\"cqfST cQRuq WGebp jTM--\" dir=\"auto\" style=\"text-align: center;\"><span class=\"_61ACD\">Aquesta experi\u00e8ncia est\u00e0 dissenyada perqu\u00e8 desconnectis de l&#8217;estr\u00e8s diari i et lliuris&gt;.<\/span><\/p>\n<p id=\"viewer-r3l3h2500\" class=\"cqfST cQRuq WGebp jTM--\" dir=\"auto\" style=\"text-align: center;\"><span class=\"_61ACD\"><strong>Places limitades a 10 persones<\/strong><\/span><\/p>\n<p>per crear<\/p>\n<p id=\"viewer-0hdra7625\" class=\"cqfST cQRuq WGebp jTM--\" dir=\"auto\" style=\"text-align: center;\"><span class=\"_61ACD\"><strong>Reserva el teu lloc ara i regala&#8217;t un dia de benestar absolut.&lt;\/&lt;\/&gt;<\/p>\n<\/div><\/div><\/div><\/div><\/div><\/strong><\/span><\/p>\n","protected":false},"excerpt":{"rendered":"<div class=\"mUk2gh\">\n<div class=\"svr5yCK kRkWCO smRaKOZ\">\n<div class=\"s__3Rc0Rc\" aria-live=\"polite\">\n<h3 id=\"tiquet-type-73a6586b-55a1-4754-933a-509b4915ef31\" class=\"s__6VGYe_ ofux1Ei---typography-11-runningText ofux1Ei---priority-7-prim- \" aria-labelledby=\"label-ticket-type-73a6586b-55a1-4754-933a-509b4915ef31 ticket-type-73a6586b-55a1-4754-933a-509b4915ef31\"><\/h3>\n<p class=\"s__6VGYe_ ofux1Ei---typography-11-runningText ofux1Ei---priority-7-primary s__32_qiW ssDe3dJ\" aria-hidden=\"false\" data-hook=\"description\">Un dia per desconnectar de tu f\u00edsic i mental.<\/p>\n<\/div>\n<\/div>\n<\/div>\n","protected":false},"featured_media":912,"comment_status":"open","ping_status":"closed","template":"","meta":[],"product_brand":[],"product_cat":[30],"product_tag":[],"class_list":{"0":"post-1332","1":"product","2":"type-product","3":"status-publish","4":"has-post-thumbnail","6":"product_cat-eventos-ca","8":"first","9":"instock","10":"virtual","11":"purchasable","12":"product-type-simple"},"_links":{"self":[{"href":"https:\/\/nuriaanglarill.com\/ca\/wp-json\/wp\/v2\/product\/1332","targetHints":{"allow":["GET"]}}],"collection":[{"href":"https:\/\/nuriaanglarill.com\/ca\/wp-json\/wp\/v2\/product"}],"about":[{"href":"https:\/\/nuriaanglarill.com\/ca\/wp-json\/wp\/v2\/types\/product"}],"replies":[{"embeddable":true,"href":"https:\/\/nuriaanglarill.com\/ca\/wp-json\/wp\/v2\/comments?post=1332"}],"wp:featuredmedia":[{"embeddable":true,"href":"https:\/\/nuriaanglarill.com\/ca\/wp-json\/wp\/v2\/media\/912"}],"wp:attachment":[{"href":"https:\/\/nuriaanglarill.com\/ca\/wp-json\/wp\/v2\/media?parent=1332"}],"wp:term":[{"taxonomy":"product_brand","embeddable":true,"href":"https:\/\/nuriaanglarill.com\/ca\/wp-json\/wp\/v2\/product_brand?post=1332"},{"taxonomy":"product_cat","embeddable":true,"href":"https:\/\/nuriaanglarill.com\/ca\/wp-json\/wp\/v2\/product_cat?post=1332"},{"taxonomy":"product_tag","embeddable":true,"href":"https:\/\/nuriaanglarill.com\/ca\/wp-json\/wp\/v2\/product_tag?post=1332"}],"curies":[{"name":"wp","href":"https:\/\/api.w.org\/{rel}","templated":true}]}}

<p><div class="fusion-fullwidth fullwidth-box fusion-builder-row-1 fusion-flex-container has-pattern-background has-mask-background nonhundred-percent-fullwidth non-hundred-percent-height-scrolling" style="--awb-border-radius-top-left:0px;--awb-border-radius-top-right:0px;--awb-border-radius-bottom-right:0px;--awb-border-radius-bottom-left:0px;--awb-padding-top:2%;--awb-padding-bottom:5%;--awb-flex-wrap:wrap;" ><div class="fusion-builder-row fusion-row fusion-flex-align-items-flex-start fusion-flex-content-wrap" style="max-width:1248px;margin-left: calc(-4% / 2 );margin-right: calc(-4% / 2 );"><div class="fusion-layout-column fusion_builder_column fusion-builder-column-0 fusion_builder_column_1_1 1_1 fusion-flex-column" style="--awb-bg-size:cover;--awb-width-large:100%;--awb-margin-top-large:0px;--awb-spacing-right-large:1.92%;--awb-margin-bottom-large:20px;--awb-spacing-left-large:1.92%;--awb-width-medium:100%;--awb-order-medium:0;--awb-spacing-right-medium:1.92%;--awb-spacing-left-medium:1.92%;--awb-width-small:100%;--awb-order-small:0;--awb-spacing-right-small:1.92%;--awb-spacing-left-small:1.92%;"><div class="fusion-column-wrapper fusion-column-has-shadow fusion-flex-justify-content-flex-start fusion-content-layout-column"><div class="fusion-title title fusion-title-1 fusion-sep-none fusion-title-center fusion-title-text fusion-title-size-two" style="--awb-margin-bottom:5%;--awb-margin-top-small:10px;--awb-margin-right-small:0px;--awb-margin-bottom-small:10px;--awb-margin-left-small:0px;"><h2 class="fusion-title-heading title-heading-center" style="margin:0;">Un dia de ioga i benestar en plena natura</h2></div><div class="fusion-text fusion-text-1"><h3 class="YfgspD VuHhQk Fld3l4 Q0GE08" style="text-align: center;" data-hook="time-and-location">Horari i ubicació</h3>
<div class="sVLH7h">
<div class="qJ0QtF W8KyHZ vvjb38">
<p class="ALQLki tN7ge3" style="text-align: center;" data-hook="event-full-date">29 mar 2025, 9:30 – 17:00</p>
<p class="hsKRY2" style="text-align: center;" data-hook="event-full-location">Sant Mateu de Bages, 08263 Sant Mateu de Bages, Barcelona, ​​Espanya</p>
</div>
</div>
</div><div class="fusion-image-element " style="text-align:center;--awb-aspect-ratio:2 / 1;--awb-caption-title-font-family:var(--h2_typography-font-family);--awb-caption-title-font-weight:var(--h2_typography-font-weight);--awb-caption-title-font-style:var(--h2_typography-font-style);--awb-caption-title-size:var(--h2_typography-font-size);--awb-caption-title-transform:var(--h2_typography-text-transform);--awb-caption-title-line-height:var(--h2_typography-line-height);--awb-caption-title-letter-spacing:var(--h2_typography-letter-spacing);"><span class=" fusion-imageframe imageframe-none imageframe-1 hover-type-none has-aspect-ratio"><img decoding="async" width="900" height="900" title="N.AnglarillYoga-25" src="https://nuriaanglarill.com/wp-content/uploads/2025/02/N.AnglarillYoga-25.jpg" class="img-responsive wp-image-909 img-with-aspect-ratio" data-parent-fit="cover" data-parent-container=".fusion-image-element" alt srcset="https://nuriaanglarill.com/wp-content/uploads/2025/02/N.AnglarillYoga-25-200x200.jpg 200w, https://nuriaanglarill.com/wp-content/uploads/2025/02/N.AnglarillYoga-25-400x400.jpg 400w, https://nuriaanglarill.com/wp-content/uploads/2025/02/N.AnglarillYoga-25-600x600.jpg 600w, https://nuriaanglarill.com/wp-content/uploads/2025/02/N.AnglarillYoga-25-800x800.jpg 800w, https://nuriaanglarill.com/wp-content/uploads/2025/02/N.AnglarillYoga-25.jpg 900w" sizes="(max-width: 640px) 100vw, 900px" /></span></div></div></div><div class="fusion-layout-column fusion_builder_column fusion-builder-column-1 fusion_builder_column_1_1 1_1 fusion-flex-column" style="--awb-bg-size:cover;--awb-width-large:100%;--awb-margin-top-large:0px;--awb-spacing-right-large:1.92%;--awb-margin-bottom-large:20px;--awb-spacing-left-large:1.92%;--awb-width-medium:100%;--awb-order-medium:0;--awb-spacing-right-medium:1.92%;--awb-spacing-left-medium:1.92%;--awb-width-small:100%;--awb-order-small:0;--awb-spacing-right-small:1.92%;--awb-spacing-left-small:1.92%;"><div class="fusion-column-wrapper fusion-column-has-shadow fusion-flex-justify-content-flex-start fusion-content-layout-column"><div class="fusion-text fusion-text-2"><h3 class="YfgspD VuHhQk Fld3l4 Q0GE08" style="text-align: center;" data-hook="about">Informació de l&#8217;esdeveniment</h3>
<div class="m6AOT" dir="ltr" data-id="content-viewer">
<div class="uSiJi">
<div class="X6Wo9">
<p id="viewer-foo" class="cqfST cQRuq WGebp jTM--" dir="auto" style="text-align: center;"><span class="_61ACD"><strong>Viu un dia de ioga i benestar en plena natura</strong></span></p>
<p id="viewer-5dw3y2924" class="cqfST cQRuq WGebp jTM--" dir="auto" style="text-align: center;"><span class="_61ACD"><strong>Data i Horari:</strong> De 09:30</span></p>
<p id="viewer-37zy12474" class="cqfST cQRuq WGebp jTM--" dir="auto" style="text-align: center;"><span class="_61ACD"><strong>Ubicació: </strong>Sant Mateu de Bages&lt;/s</span></p>
<div id="viewer-nizzi2477" class="cqfST cQRuq WGebp jTM--" dir="auto" style="text-align: center;"></div>
<p id="viewer-6nb6v2950" class="cqfST cQRuq WGebp jTM--" dir="auto" style="text-align: center;"><span class="_61ACD">Regala&#8217;t un dia per connectar amb tu mateix i submergir-te en una experiència i submergir-te en una experiència. </span></p>
</div>
</div>
</div>
</div><div class="fusion-text fusion-text-3"><h3 class="jZpvm scQlf WGebp jTM--" dir="auto" style="text-align: center;"><span class="hpUmk"><strong>Programa del dissabte 29 de març:</strong></span></h3>
<p id="viewer-3d0aj2996" class="cqfST cQRuq WGebp jTM--" dir="auto" style="text-align: center;"><span class="_61ACD"><strong>9:30 &#8211; 10:00 Arribada i benvinguda</strong></span></p>
<p id="viewer-nc75q6290" class="cqfST cQRuq WGebp jTM--" dir="auto" style="text-align: center;"><span class="_61ACD">Rebem els participants i ens preparem per a una jornada d&#8217;harmonia i connexió.&lt;/</span></p>
<p id="viewer-vmuri2481" class="cqfST cQRuq WGebp jTM--" dir="auto" style="text-align: center;"><span class="_61ACD"><strong>10:00 -Pràctica de ioga a la natura&lt;/strong</strong></span></p>
<p id="viewer-3q83h3791" class="cqfST cQRuq WGebp jTM--" dir="auto" style="text-align: center;"><span class="_61ACD">Començarem amb una sessió de ioga a l&#8217;aire lliure, aprofitant l&#8217;energia de la&gt;&gt;.</span></p>
<p id="viewer-j4c9e2484" class="cqfST cQRuq WGebp jTM--" dir="auto" style="text-align: center;"><span class="_61ACD"><strong>12:00 &#8211; Brunch </strong>&lt;/span</span></p>
<p id="viewer-tn1wc4498" class="cqfST cQRuq WGebp jTM--" dir="auto" style="text-align: center;"><span class="_61ACD">Gaudirem d&#8217;un brunch saludable, vegetarià i nutritiu&gt;. p&gt;</span></p>
<p id="viewer-n98jg2487" class="cqfST cQRuq WGebp jTM--" dir="auto" style="text-align: center;"><span class="_61ACD"><strong>14:00 &#8211; Taller d&#8217;olis essencials</strong>&lt;/strong</span></p>
<p id="viewer-71vqw5117" class="cqfST cQRuq WGebp jTM--" dir="auto" style="text-align: center;"><span class="_61ACD">Aprendrem sobre les propietats dels olis essencials i crearem el nostre propi roll- &gt;</span></p>
<p id="viewer-g090z2490" class="cqfST cQRuq WGebp jTM--" dir="auto" style="text-align: center;"><span class="_61ACD"><strong>15:00 &#8211; Aplicació pràctica dels olis&lt;/strong</strong></span></p>
<p id="viewer-b8hep5318" class="cqfST cQRuq WGebp jTM--" dir="auto" style="text-align: center;"><span class="_61ACD">Explorarem tècniques per integrar els olis essencials a la nostra rutina de benestar i potenciar</span></p>
<p id="viewer-m7mj82493" class="cqfST cQRuq WGebp jTM--" dir="auto" style="text-align: center;"><span class="_61ACD"><strong>16:00 &#8211; Pràctica restaurativa de ioga</strong></span></p>
<p id="viewer-485375915" class="cqfST cQRuq WGebp jTM--" dir="auto" style="text-align: center;"><span class="_61ACD">Tanquem el dia amb una sessió de ioga restauratiu, utilitzant bolsters per a utilitzar bolsters.</span></p>
</div></div></div><div class="fusion-layout-column fusion_builder_column fusion-builder-column-2 fusion_builder_column_1_1 1_1 fusion-flex-column" style="--awb-bg-size:cover;--awb-width-large:100%;--awb-margin-top-large:0px;--awb-spacing-right-large:1.92%;--awb-margin-bottom-large:20px;--awb-spacing-left-large:1.92%;--awb-width-medium:100%;--awb-order-medium:0;--awb-spacing-right-medium:1.92%;--awb-spacing-left-medium:1.92%;--awb-width-small:100%;--awb-order-small:0;--awb-spacing-right-small:1.92%;--awb-spacing-left-small:1.92%;"><div class="fusion-column-wrapper fusion-column-has-shadow fusion-flex-justify-content-flex-start fusion-content-layout-column"><div class="fusion-text fusion-text-4"><h3 id="viewer-z04sp2496" class="jZpvm scQlf WGebp jTM--" dir="auto" style="text-align: center;"><span class="hpUmk"><strong>Un dia per a tu</strong></span></h3>
<p id="viewer-edvzd2498" class="cqfST cQRuq WGebp jTM--" dir="auto" style="text-align: center;"><span class="_61ACD">Aquesta experiència està dissenyada perquè desconnectis de l&#8217;estrès diari i et lliuris&gt;.</span></p>
<p id="viewer-r3l3h2500" class="cqfST cQRuq WGebp jTM--" dir="auto" style="text-align: center;"><span class="_61ACD"><strong>Places limitades a 10 persones</strong></span></p>
<p>per crear</p>
<p id="viewer-0hdra7625" class="cqfST cQRuq WGebp jTM--" dir="auto" style="text-align: center;"><span class="_61ACD"><strong>Reserva el teu lloc ara i regala&#8217;t un dia de benestar absolut.&lt;/&lt;/&gt;</p>
</div></div></div></div></div></strong></span></p>

<div class="mUk2gh">
<div class="svr5yCK kRkWCO smRaKOZ">
<div class="s__3Rc0Rc" aria-live="polite">
<h3 id="tiquet-type-73a6586b-55a1-4754-933a-509b4915ef31" class="s__6VGYe_ ofux1Ei---typography-11-runningText ofux1Ei---priority-7-prim- " aria-labelledby="label-ticket-type-73a6586b-55a1-4754-933a-509b4915ef31 ticket-type-73a6586b-55a1-4754-933a-509b4915ef31"></h3>
<p class="s__6VGYe_ ofux1Ei---typography-11-runningText ofux1Ei---priority-7-primary s__32_qiW ssDe3dJ" aria-hidden="false" data-hook="description">Un dia per desconnectar de tu físic i mental.</p>
</div>
</div>
</div>
